306*a**2 + 109*a + 1202. List the prime factors of f(-12).
2, 31, 709
List the prime factors of (-1898994)/(-40) - 69/(-460).
3, 5, 211
Let n = -16 - -67. Let m = -49 + n. Suppose 4*u = -m*v + 198, u - 2*v - 37 = 25. What are the prime factors of u?
2, 13
Let w(j) = 42*j - 4. Let x be w(-2). Let o be 50/(-225) + x/9. Let k = o + 30. What are the prime factors of k?
2, 5
Let x be 1*2*5/2. Let r(f) = 3*f - 19. Let b be r(x). List the prime factors of b/10 + 0 - (-11718)/45.
2, 5, 13
Let f(t) = -18*t**3 + 5*t**2 - 6*t - 29. Let n be f(-3). Suppose 5*a + 5*k - n - 325 = 0, 3*a = k + 499. List the prime factors of a.
167
Suppose 793*n - 799*n + 8808 = 0. List the prime factors of n.
2, 367
Suppose 4*j - 5145 = f, 0 = 6*j - 9*j - f + 3850. List the prime factors of j.
5, 257
Let k(c) = -c**2 - 13*c - 5. Let d = 42 + -54. Let g be k(d). List the prime factors of g/(-2)*(9 + -47).
7, 19
Let o(v) = 16*v**3 + 3*v**2 + 82*v - 51. List the prime factors of o(11).
2, 5, 2251
Suppose -4*d = -o + 13, o = -6*d + 2*d - 3. Suppose -5*l = o*s - 2*s - 112, 3*l = 2*s - 81. Let f = s - 8. List the prime factors of f.
31
Let g = -192 - -195. Suppose 0 = -g*s + 3*c + 1032, -s = -2*c + 3*c - 348. List the prime factors of s.
2, 173
Let j(o) = 7*o**3 + 6*o**2 - 5*o + 6. Suppose 34*i - 6 = 37*i. Let b(s) = 7*s**3 + 7*s**2 - 5*s + 7. Let g(w) = i*b(w) + 3*j(w). List the prime factors of g(2).
2, 3, 11
Suppose 5*k - 104 = -109. Let z be -58 - (-1 - (1 + k)). Let f = 136 + z. What are the prime factors of f?
79
Suppose -3014*q + 3028*q - 9893 - 25247 = 0. List the prime factors of q.
2, 5, 251
Suppose 97 = -3*d + 109. Suppose -d*l + 1244 = -1356. Suppose 3*k = 232 + l. List the prime factors of k.
2, 3, 7
Suppose -78518 - 87770 = -76*b - 0*b. What are the prime factors of b?
2, 547
Suppose -43 = -5*z + 7. Let u(n) = n**2 - 9*n + 11. Let l be u(z). Suppose 20*b - l*b + 84 = 0. List the prime factors of b.
2, 3, 7
Suppose -12*o = -14*o + 3472. Suppose q + 2*j - 2328 = -3*q, -3*q + j = -o. Suppose -5*l - q = -9*l. List the prime factors of l.
5, 29
Suppose 0 = t - 26 - 0. Let g = 189 - t. List the prime factors of g.
163
Suppose 21*j + 245004 = 9*j. List the prime factors of 8/(-14) - j/119.
3, 19
Suppose -4*n - 80 = -5*x, 15 = -0*n - 3*n. Let v(p) = -p**3 + 12*p**2 + p - 12. Let c be v(x). Suppose c = -2*t + 9*t - 1568. List the prime factors of t.
2, 7
Let x = -89 + 8. Let u be (1/(4/18))/(x/(-108)). Suppose 0 = 5*v + u*v - 1232. What are the prime factors of v?
2, 7
Let s(j) = 27093*j + 618. What are the prime factors of s(1)?
3, 3079
Suppose 500 = 5*b - 320. Suppose 20 = -5*p, 4*p + b + 11 = y. What are the prime factors of y?
3, 53
What are the prime factors of 62959/8 - ((-7)/56 + (-15 - -15))?
2, 5, 787
Suppose -8*h + 47187 = 41*h. Let i = h - 37. List the prime factors of i.
2, 463
Let u(o) be the second derivative of 433*o**3/6 + o**2/2 - 2*o - 73. List the prime factors of u(1).
2, 7, 31
Suppose -390600 = 4259*f - 4268*f. List the prime factors of f.
2, 5, 7, 31
Let w be 0 + -2 - (-3 - (-282)/(-6)). Suppose -i + w = 2*v, -i - 3*v + 12 = -38. Suppose -2*y = -i - 30. List the prime factors of y.
37
Suppose -5*v + 18 = -3*i + 38, 2*i - 20 = 5*v. Suppose -244*s + 243*s + 396 = i. What are the prime factors of s?
2, 3, 11
Suppose 14*g + 26505 = 29*g. Suppose 2*u + g = 21*u. List the prime factors of u.
3, 31
Let p(l) = 6*l**2 + 9*l - 5. Let z be p(6). Suppose 2*a - 253 = -k, -2*k + k + 4*a = -z. What are the prime factors of k?
257
What are the prime factors of (4 - (-14 - -31)) + 11864?
7, 1693
Suppose -g + 68 = -4*t, -5*g - 53 = 4*t - 9. Let d(r) = -8*r + 110. What are the prime factors of d(t)?
2, 7, 17
Let i = 34934 - 11893. What are the prime factors of i?
23041
Let w be 70/22 + (-2)/11. Suppose 0*n + 3*n = -5*g - 270, -w*n - 3*g = 276. What are the prime factors of ((-1)/1 - (-3 + n)) + -1?
2, 3
Let r be ((-11)/(220/(-170)))/(1/312). Suppose -f + 5*z - 2*z + 533 = 0, -5*f + 2*z = -r. What are the prime factors of f?
2, 5, 53
Suppose 0 = -3*s + 6*s - 6. Suppose -s*d + 456 = -42. What are the prime factors of d?
3, 83
Suppose -2*a + 35 = 45. Let z be a - (12/3 - 11). Suppose z*m = 6*m - 548. List the prime factors of m.
137
Let p be 119/(-3) - 2/(-3). Let f(o) = o**3 + 11*o**2 - 3*o - 93. Let v be f(-11). Let a = p - v. List the prime factors of a.
3, 7
Suppose 2*w - 4*o - 11374 = 0, 12*w - 8*w = 4*o + 22752. List the prime factors of w.
5689
Let n(u) = 11*u**2 - 2*u - u**3 + 17*u + 16 - 2*u**2 + 5*u**2. Let a be n(15). Let z(q) = q**3 - 17*q**2 + 17*q + 20. List the prime factors of z(a).
2, 3
List the prime factors of (-30)/(-6) + 2987 + (-45)/(-9).
3, 37
Let b be 2/3 - 8/12. Let o = 0 + b. Let f(k) = 4*k + 66. List the prime factors of f(o).
2, 3, 11
Let p(c) be the first derivative of -75*c**2/2 + 176*c + 50. What are the prime factors of p(-12)?
2, 269
Let r = -749 - -2952. List the prime factors of r.
2203
Let d(t) be the second derivative of t**4/12 - t**3/6 + 21*t**2 - t + 24. What are the prime factors of d(-30)?
2, 3
Let u = -127 + 79. Let q be (-3)/1*u/(-2). List the prime factors of 16/12*-3 - q.
2, 17
Let c = 95 - 38. Let u = -55 + c. List the prime factors of (22/4)/((1 - u)/(-26)).
11, 13
What are the prime factors of ((-25605)/(-30))/(0 + (-6)/(-32))?
2, 569
Suppose -3*b - 2083 - 4835 = -2*u, -4*u = 4*b - 13776. List the prime factors of u.
2, 3, 5, 23
Let p(n) = 30*n - 302. Let y be p(27). Let s = y + 223. List the prime factors of s.
17, 43
Suppose -27*f - 31204 = -890749. List the prime factors of f.
5, 6367
Suppose -b - 2*b + 6 = 0, -x + 326 = b. Let i = x - 288. What are the prime factors of i?
2, 3
Suppose 0 = -3*n + k + 17, 0 = 2*n + 2*k + 2 - 0. Suppose 3*d - 263 = 4*p, 5*p = 3*d + n*p - 275. Let r = -15 + d. What are the prime factors of r?
2, 3, 13
Suppose 19 - 43 = -8*t. Suppose -2281 = -4*g + 3*x + 123, 3*g + t*x = 1782. List the prime factors of g.
2, 13, 23
Let h = -9469 + 22056. List the prime factors of h.
41, 307
Suppose -3*h + 108 = 3*w - 2*w, -4*w = -h - 484. Suppose 4*j + w = 14*j. List the prime factors of 627/2*((-32)/j)/(-4).
11, 19
Suppose -3*w - 4*t + 10280 = -4700, -4990 = -w - 3*t. What are the prime factors of w?
2, 1249
Let h be (87 - (-6)/(-3))/(1 - 0). Suppose 0 = -4*g - 73 + h. List the prime factors of 229*4/(-6)*g/(-2).
229
Suppose 4*h - 11 = 3*l, l + 5 = -5*h - 5. Let o(k) = -2991*k**3 + 3*k**2 + k - 1. Let a be o(h). Suppose a = -4*f + 21*f. What are the prime factors of f?
2, 11
Suppose -2123 = 2*j + 3*q, -5*j = 32*q - 29*q + 5285. What are the prime factors of (-4)/((-6)/10 + j/(-1790))?
2, 179
Suppose 5*w + 20 = -4*j - 0*j, 0 = -5*w + 4*j - 60. Let b be (-46)/w - (-3)/12. Let h = b + 40. List the prime factors of h.
2, 23
Let v be 72/(-15)*((-915)/6 + 5). Suppose -2*m + 4*p = 9*p - v, -2*p - 680 = -2*m. List the prime factors of m.
2, 43
Suppose -80*i + 9*a = -81*i + 71892, 359366 = 5*i - 2*a. What are the prime factors of i?
2, 3, 11
Let u(k) = -2*k**2 + k. Let z(q) = -42*q**2 - 36*q - 7. Let p(c) = -4*u(c) - z(c). What are the prime factors of p(5)?
13, 109
Let s(c) = 43*c - 12 - 42 - 84*c. List the prime factors of s(-11).
397
Let g = 29746 + -17805. List the prime factors of g.
11941
Suppose 33*m - 30*m = 2*p + 44734, -3*p = -21. What are the prime factors of m?
2, 3, 11, 113
Let c(u) = -3*u**3 - 5*u**2 - 8*u - 47. Let h(i) = -9*i + 21. Let j be h(3). What are the prime factors of c(j)?
7, 67
Suppose 4*n - 3*d + 21 = 6*n, 2*n = 4*d + 28. Let b be (10/(-4))/(3/n*2). List the prime factors of 35/b*(-260)/14.
2, 5, 13
Suppose -149*m + 72*m + 231 = 0. Let n(u) = u**2 + 6*u - 3. Let w be n(-6). What are the prime factors of 121 + 2*w/6*m?
2, 59
Suppose a - 4 = 4*t - 14, 0 = 2*a + 3*t - 13. Let h(c) = 3*c**2 + 4*c + 4*c**2 + c**a + 7 - 2*c. What are the prime factors of h(-3)?
73
Let y(m) = 608*m**2 + 5*m - 4. Let r be (71 - 66) + (-8)/2. What are the prime factors of y(r)?
3, 7, 29
Let b(t) = t**2 - 32*t - 470. What are the prime factors of b(66)?
2, 887
Let j(f) = -22 + 0*f**2 + 16*f**3 - 4*f**2 - 17 + 9*f + 35. What are the prime factors of j(2)?
2, 3, 7
Suppose 15*c - 12*c = -5*j - 1027, 4*j - 3*c = -827. Suppose d + g = -80, 2*d + 2*g = 5*d + 250. Let k = d - j. List the prime factors of k.
2, 31
Let n = 